p and 96?
12
Let q be 3/(-7) - (-2408)/(-98). Let w = q + 52. What is the highest common factor of w and 3?
3
Let q be 3 + -4 + (3 - -1). Let y be (-12 - (-4 + q))*-1. Let w be (-43)/(-4) + (-2)/(-8). What is the greatest common factor of y and w?
11
Let r = 239 - 213. Let j(o) = -78*o. Let i be j(-3). Calculate the highest common factor of i and r.
26
Let i = -233 + 613. What is the highest common divisor of 38 and i?
38
Let v be (-40)/4*(-1)/2. Let z be 1/(-1) + 1*v. Suppose 0 = -5*n - z*s + 64, 3*n - 6 = -s + 31. Calculate the highest common divisor of n and 18.
6
Let s(l) = -l - 1. Let u be s(-4). Suppose -4*n - 7 = 5*j - 26, 3*j - 11 = -2*n. What is the greatest common divisor of u and j?
3
Let d = 4 - 14. Let g = d - -12. What is the greatest common factor of 4 and g?
2
Suppose -44 = -3*a + 16. Calculate the highest common divisor of 8 and a.
4
Suppose 2*s - 5 + 1 = 0. Suppose 0 = w - s*h - 24, 7*h - 135 = -4*w + 2*h. Let a be (-4)/(3 - 10/3). What is the highest common divisor of w and a?
6
Suppose 5*k + 20 = k. Let o be 11 + 6/(3 + k). Calculate the highest common divisor of 20 and o.
4
Let g be ((-1)/(-2))/((-7)/(-14)). What is the highest common factor of g and 4?
1
Let q = -6 - -8. Let o be (-8)/q - (-3 - 2). Suppose 4*i = -3*r + 39, 4*r + 0*i + 3*i - 45 = 0. What is the greatest common divisor of o and r?
1
Suppose 2*j + 2*j - 4 = 0. Let a = 13 - j. What is the highest common factor of 132 and a?
12
Let x = -13 + 20. Let i = -2 + x. Let h be (-31)/(-5) - 1/i. Calculate the greatest common factor of h and 12.
6
Let n = -3 - -12. Calculate the greatest common divisor of 3 and n.
3
Let u = -37 - -73. Let z be (-3 - -2)/(1/(-26)). Suppose j - 2*r = z, 0 = -5*j + 3*r - 2*r + 121. Calculate the highest common factor of u and j.
12
Let c = -17 - -31. Calculate the highest common factor of c and 112.
14
Let q(x) = 2*x**2 + 3*x + 2. Let a = 7 + -9. Let y be q(a). Suppose 0 = 3*t - 22 - 86. Calculate the highest common divisor of t and y.
4
Suppose 3*b - 141 = -5*p, -3*p + 0*b + 4*b + 102 = 0. What is the highest common divisor of 20 and p?
10
Suppose 4*o = -3*n + 327, -4*o - 2*n = 77 - 403. Let y(p) = -17*p + 1. Let m be y(-1). Let b = m + -9. Calculate the greatest common factor of o and b.
9
Let u(c) be the second derivative of -c**3/6 + 7*c**2/2 - c. Let y be u(-7). What is the highest common factor of y and 70?
14
Let y be 20*(5 + (-45)/10). What is the greatest common factor of 90 and y?
10
Let v be 57/5 + (-4)/10. Let n = 3 + v. Let u = 163 - 93. Calculate the greatest common divisor of n and u.
14
Let v(y) = 11*y**2 - y**3 - 2*y**3 + 0 + 4*y**3 + 4. Let c be v(-11). What is the highest common divisor of c and 8?
4
Suppose 0 = 4*v - v + 33. Let h be (-10)/55 - 13/v. Suppose -6*b + 45 = -b. Calculate the greatest common divisor of h and b.
1
Suppose -959 = -5*s - 3*k, s - 199 = -0*s - 3*k. What is the greatest common divisor of 38 and s?
38
Let u = 3 + 2. Let z be (0 - -1) + 14/1. Calculate the highest common factor of u and z.
5
Let t be (10 + 2)/(1/1). What is the greatest common divisor of t and 24?
12
Suppose -5*s + 606 = l - 3*l, -12 = 4*l. Suppose z = -0*z + 15. What is the highest common factor of z and s?
15
Suppose -3*r + 61 = -191. What is the greatest common factor of 112 and r?
28
Let w = 11 + -18. Let b = w - -13. Let j be (b/(-4))/(6/(-176)). Calculate the highest common factor of j and 4.
4
Let b be (6/10)/(3/(-150)*-5). Let w be (-70)/(-3) + (-2)/(-3). What is the greatest common factor of b and w?
6
Let s(p) = p + 27. Let x be 102/(-9) - (-3)/9. Let l be s(x). Calculate the highest common factor of 16 and l.
16
Let a(r) = r**2 - 7*r + 1. Let q be 4/(-2) - 18/(-2). Let x be a(q). Let z be -12*(x + 15/(-9)). What is the highest common factor of z and 8?
8
Let m = -72 + 147. Let f(d) = -d**3 - 10*d**2 + 10*d + 4. Let v be f(-11). What is the highest common factor of m and v?
15
Suppose 2*r = -r. Suppose 0*u - u + 22 = r. Let d = u - 10. What is the greatest common divisor of d and 36?
12
Suppose -2*b = -0*b + 92. Let w = b - -130. What is the highest common factor of 12 and w?
12
Let z be 1644/30 + 2/10. Calculate the greatest common divisor of z and 11.
11
Let u(s) = -s**2 + 42. Let r be u(0). Let m(y) = 2*y - 6. Let k be m(10). What is the highest common divisor of k and r?
14
Let l(g) = -5*g - 3. Let u be l(-4). Suppose 5*m - 4*f + 13 = -8, -2*f = 3*m + u. Let v = 4 - m. Calculate the greatest common factor of 1 and v.
1
Let q be 60/(1*-2 - -1). Let i = -25 - q. Suppose 10 + 4 = h. Calculate the highest common divisor of h and i.
7
Let f = 80 - 53. Let l = -8 + f. Suppose 4*r - 77 = l. Calculate the greatest common divisor of r and 12.
12
Suppose -5*a + 5 = -3*o + 3, -o - 14 = 5*a. Let b be (-6)/8*(a + -18). Calculate the highest common factor of 120 and b.
15
Let q(m) = -2*m + 6. Let a be q(3). Suppose 2*z - 23 - 41 = a. What is the highest common factor of 8 and z?
8
Suppose -z = -4*u + 108, -u = 2*z - 21 + 3. Let r be (260/(-6))/(60/(-90)). What is the highest common factor of r and u?
13
Suppose -u + 24 = u. Let s = u + -8. What is the highest common divisor of 32 and s?
4
Let u(k) be the second derivative of 5*k**3/6 - 6*k**2 - 4*k. Let p be u(9). Let i = -14 + 25. Calculate the greatest common factor of i and p.
11
Suppose -9*f + 139 = -1445. Suppose 4 = -5*h + 84. What is the greatest common divisor of h and f?
16
Let a = 12 - 17. Let q be (-15)/6*5*2. Let y = a - q. What is the highest common factor of y and 5?
5
Suppose -3*p + 52 = -2. Let j = -11 - -14. Let q = 5 - j. What is the greatest common divisor of q and p?
2
Suppose p + 2*p = 0. Suppose -5*k + p + 7 = -c, c - k = 1. Suppose -12 = -c*o, -o = 5*f - 44 - 40. What is the highest common divisor of 176 and f?
16
Suppose 0*d - 15 = 5*d, -2*s - d = -295. Suppose 208 = 5*v - 2*p - 560, -v = -5*p - s. Suppose -42 = a - 4*a. Calculate the greatest common factor of v and a.
14
Let d(c) = -73*c + 1. Let l(z) = -220*z + 3. Let a(y) = 7*d(y) - 2*l(y). Let w be a(-1). Calculate the greatest common factor of w and 48.
24
Let x be (-2)/(-2) + 0 - 6. Let s(f) = -f**2 - 4*f + 7. Let w be s(x). Calculate the greatest common divisor of 1 and w.
1
Let k = -9 - -20. Let h = 7 + k. Let j(y) = -12*y + 9. Let x be j(-3). What is the highest common divisor of h and x?
9
Suppose -4*i = -2*x + 430, 0*x - 5*i = -2*x + 433. Let g(q) = q + 19. Let r be g(0). What is the highest common factor of r and x?
19
Suppose 0 = 2*k + 5*p - 12 - 34, 4*k + 2*p - 92 = 0. What is the highest common factor of 92 and k?
23
Suppose k - 5*k = 3*t - 138, t + 97 = 3*k. What is the greatest common factor of 55 and k?
11
Let i = 147 - 142. Calculate the greatest common factor of i and 65.
5
Suppose 0 + 4 = -4*x. Let j be (0 - -12) + (-1 - x). Calculate the highest common factor of 36 and j.
12
Suppose 4 + 5 = 3*b. Suppose k - 6*k + 22 = -f, -b*f - 10 = -k. Calculate the greatest common factor of k and 36.
4
Suppose -2094 = -k - 2*k. Suppose 5*x - k = -98. Calculate the greatest common divisor of x and 12.
12
Suppose 5*n = -15 + 240. Let v = -10 - -19. Suppose -v = -m - 0*m. Calculate the highest common divisor of m and n.
9
Suppose 2*t = -3*t + 135. Let s be 198/t + (-4)/(-6). Suppose 3*a = s*a - 385. Calculate the greatest common divisor of a and 7.
7
Suppose 4*a = -c + 2336, -2*a + 0*c - 5*c + 1150 = 0. Let p be 3/(-12) + a/20. Calculate the greatest common divisor of 261 and p.
29
Let d(x) be the third derivative of x**4/12 - x**3/6 + 5*x**2. Let h be d(2). What is the greatest common factor of h and 27?
3
Let j be 4/(-14) - 208/7. Let h = j - -95. What is the highest common divisor of h and 26?
13
Let l(n) = -2*n**2 + 44*n - 16. Let z be l(19). What is the highest common divisor of z and 28?
14
Let p = 26 - 14. Let i(r) = r**2 + 8*r + 8. Let s be i(-8). Calculate the highest common divisor of s and p.
4
Suppose 0 = 4*z + 15 - 51. Suppose 3 = 4*h - z. Suppose 3*w - 93 = -2*l + 6, -h*l - 5*w = -150. What is the greatest common divisor of l and 9?
9
Suppose -4*q = -3*m + 22, -4*q - 24 = -3*m - m. What is the highest common divisor of m and 3?
1
Let y(r) = -3*r - 2. Let c be y(-4). Suppose 0 = -3*v - w + 77, -4*v - 2*w + 104 = -0*v. What is the greatest common factor of c and v?
5
Let t = -26 - -46.